ide 117391212?
True
Is 19244188 a multiple of 722?
True
Is 6139808 a multiple of 32?
True
Is 103 a factor of 201625748?
False
Is 9 a factor of 4123160327?
False
Is 34482005 a multiple of 285?
False
Does 348 divide 76983168?
True
Is 14364798 a multiple of 329?
True
Does 31 divide 26986268?
False
Is 778205779 a multiple of 6?
False
Is 36293868 a multiple of 36?
True
Is 178 a factor of 994910785?
False
Does 7 divide 171398257?
False
Is 72 a factor of 231408232?
False
Is 15676607 a multiple of 11?
False
Is 268748915 a multiple of 1611?
False
Is 825498285 a multiple of 1374?
False
Does 681 divide 322116645?
False
Does 519 divide 5392307757?
True
Is 201 a factor of 409830273?
False
Is 150 a factor of 20478224?
False
Is 4179033 a multiple of 9?
True
Does 8 divide 19762721?
False
Is 1234 a factor of 860884249?
False
Is 90801927 a multiple of 708?
False
Is 75 a factor of 153292427?
False
Does 545 divide 197144541?
False
Is 2 a factor of 134301760?
True
Is 4 a factor of 3454105?
False
Is 2 a factor of 5735990?
True
Is 123025236 a multiple of 516?
True
Is 37730074 a multiple of 18?
False
Is 1610 a factor of 540175930?
True
Is 322 a factor of 198894892?
True
Does 2 divide 63697390?
True
Does 13 divide 16807123?
False
Is 8616069 a multiple of 2?
False
Does 46 divide 25276310?
True
Is 12647016 a multiple of 348?
True
Is 782970502 a multiple of 34?
False
Is 141672431 a multiple of 1241?
False
Does 48 divide 66841200?
True
Is 6463105 a multiple of 436?
False
Is 14230989 even?
False
Is 379 a factor of 66091157?
True
Does 4517 divide 120436771?
True
Is 666051881 a multiple of 116?
False
Is 1028 a factor of 358569039?
False
Is 13095135 a multiple of 27?
True
Is 382963747 a multiple of 112?
False
Does 137 divide 110570376?
False
Does 682 divide 2308464?
False
Is 23 a factor of 62492951?
False
Is 62965674 a multiple of 393?
True
Is 94 a factor of 9669302?
False
Is 1131 a factor of 133431987?
True
Is 2606601164 a multiple of 7292?
False
Does 45 divide 276365295?
True
Is 27 a factor of 521648591?
False
Does 70 divide 184326683?
False
Is 9412949 a multiple of 76?
False
Is 123626542 a multiple of 13?
True
Does 2 divide 7433167?
False
Is 4 a factor of 59853465?
False
Is 1955 a factor of 92211485?
True
Is 56400820 a multiple of 10?
True
Does 1010 divide 432620603?
False
Is 3227 a factor of 87024205?
False
Is 50 a factor of 4105555413?
False
Does 927 divide 44795421?
True
Is 802785801 a multiple of 797?
False
Is 17 a factor of 143957949?
False
Is 65952566 a multiple of 7?
False
Does 102 divide 338015352?
True
Is 8115228 a multiple of 2277?
True
Is 848546363 a multiple of 4341?
False
Is 43 a factor of 1537182748?
True
Is 102 a factor of 132384576?
True
Is 14 a factor of 74357919?
False
Is 113328000 a multiple of 384?
True
Is 1403203671 a multiple of 241?
False
Is 7 a factor of 778261?
False
Does 5981 divide 407763732?
False
Is 8 a factor of 14367200?
True
Is 26 a factor of 230895123?
False
Is 12 a factor of 631398542?
False
Does 334 divide 143304588?
False
Is 1346376352 a multiple of 12?
False
Does 11 divide 644657409?
True
Is 128 a factor of 278040278?
False
Is 108 a factor of 761357124?
True
Is 2151 a factor of 2121283935?
True
Does 2 divide 21568325?
False
Does 10 divide 36218130?
True
Is 7 a factor of 138492782?
False
Does 10 divide 104629179?
False
Is 240 a factor of 74902611?
False
Does 14 divide 215535474?
True
Does 1525 divide 6409760?
False
Is 348 a factor of 23994264?
False
Is 41829280 a multiple of 214?
False
Is 47 a factor of 209997175?
True
Is 276 a factor of 4264620072?
True
Is 14 a factor of 666862066?
False
Is 88997329 a multiple of 2767?
False
Is 359451023 a multiple of 2889?
False
Does 28 divide 602048972?
True
Is 12 a factor of 12265344?
True
Does 416 divide 261062048?
True
Is 764759495 a multiple of 5?
True
Is 314741196 a multiple of 924?
True
Is 20476050 a multiple of 7?
True
Is 93 a factor of 39089847?
False
Is 122883276 a multiple of 68?
True
Is 524083078 a multiple of 1086?
False
Is 591393 a multiple of 3?
True
Is 666 a factor of 1661670?
True
Does 14 divide 609233232?
False
Is 78 a factor of 25761450?
True
Is 87390310 a multiple of 190?
True
Is 11416520 a multiple of 223?
False
Is 98203313 a multiple of 993?
False
Does 157 divide 20419891?
True
Does 248 divide 7443111408?
True
Does 104 divide 1235184912?
True
Does 3 divide 35203437?
True
Is 141 a factor of 400926494?
False
Does 17 divide 808114363?
True
Does 98 divide 229152714?
True
Is 119882494 a multiple of 97?
True
Does 112 divide 550153160?
False
Is 33 a factor of 235806613?
False
Does 223 divide 6057619?
False
Is 15 a factor of 2001153469?
False
Does 226 divide 1962476819?
False
Is 2240 a factor of 28786240?
True
Is 108 a factor of 354532032?
True
Is 205703107 a multiple of 5?
False
Is 1724 a factor of 155364372?
False
Does 12051 divide 667673604?
True
Does 51 divide 50460295?
False
Is 3540 a factor of 621220428?
False
Is 354 a factor of 240466890?
True
Is 24 a factor of 79248425?
False
Is 17760 a multiple of 12?
True
Does 61 divide 194568551?
False
Is 1371602681 a multiple of 9600?
False
Is 231816 even?
True
Does 6 divide 3751601?
False
Is 35982030 a multiple of 85?
True
Does 17 divide 450971801?
True
Is 5 a factor of 2764636?
False
Is 423679620 a multiple of 254?
True
Is 1004 a factor of 396690768?
False
Is 14986272 a multiple of 12?
True
Is 1048 a factor of 6757504?
True
Is 624198424 a multiple of 88?
False
Does 48 divide 44941632?
True
Is 1005559920 a multiple of 162?
True
Is 15 a factor of 135333751?
False
Is 45512433 a multiple of 31?
True
Is 2094 a factor of 141401538?
True
Is 21016635 a multiple of 1161?
False
Is 62 a factor of 23701050?
True
Is 273083876 a multiple of 141?
False
Is 26 a factor of 554458784?
False
Is 65 a factor of 295838860?
False
Is 45 a factor of 59578964?
False
Is 1413154342 a multiple of 34?
True
Is 47516691 a multiple of 15?
False
Does 132 divide 672339426?
False
Is 168 a factor of 252912408?
True
Is 22714652 a multiple of 356?
False
Is 315 a factor of 110728800?
True
Is 5794 a factor of 1253491342?
True
Is 4 a factor of 1550792490?
False
Is 198175213 a multiple of 1495?
False
Is 412 a factor of 112159386?
False
Is 20506077 a multiple of 28?
False
Is 37631749 a multiple of 8?
False
Is 17729814 a multiple of 2558?
False
Is 746 a factor of 1422535464?
True
Does 437 divide 43026583?
True
Does 285 divide 3111060?
True
Does 1287 divide 572242462?
False
Does 4420 divide 415966200?
True
Is 106 a factor of 8585427?
False
Does 1291 divide 22542151?
True
Is 600 a factor of 10901083?
False
Is 32 a factor of 339009495?
False
Is 37929903 a multiple of 11?
True
Does 1641 divide 10387683?
False
Is 32552419 a multiple of 637?
False
Is 1363 a factor of 29183193?
True
Is 321858323 a multiple of 74?
False
Is 3601 a factor of 105932189?
False
Does 120 divide 339720801?
False
Does 1063 divide 9002547?
True
Is 179265608 a multiple of 169?
False
Does 1106 divide 131707924?
False
Does 110 divide 124475560?
True
Does 643 divide 38703496?
False
Is 77185713 a multiple of 17?
False
Is 23807696 a multiple of 413?
False
Is 934145646 a multiple of 232?
False
Is 229085865 a multiple of 207?
True
Is 25 a factor of 312417976?
False
Does 59 divide 92464275?
False
Is 239 a factor of 105874014?
False
Is 1084954920 a multiple of 4081?
False
Is 14 a factor of 2203978056?
True
Is 11 a factor of 36382476?
False
Is 169 a factor of 354412097?
True
Is 216 a factor of 94848192?
True
Is 659370396 a multiple of 3013?
False
Does 2 divide 258353?
False
Does 80 divide 106004776?
False
Is 494255778 a multiple of 114?
True
Is 15 a factor of 25585136?
False
Does 7 divide 259427135?
False
Is 32316965 a multiple of 47?
True
Does 9 divide 1092838113?
True
Is 29 a factor of 290841261?
True
Does 55 divide 2034945?
True
Is 345886164 a multiple of 468?
True
Is 586445390 a multiple of 101?
True
Does 687 divide 30054961?
False
Is 4922652132 a multiple of 12?
True
Is 2299990883 a multiple of 13?
False
Is 49484214 a multiple of 112?
False
Does 38 divide 58362759?
False
Is 60509930 a multiple of 398?
True
Does 13 divide 15959305?
False
Is 2962048 a multiple of 64?
True
Is 168 a factor of 100257528?
True
Is 544268263 a multiple of 5027?
True
Is 17538533 a multiple of 709?
True
Is 39525826 a multiple of 932?
False
Does 28